n 22 is divided by y?
6
Let z = -16 + 57. Calculate the remainder when z is divided by 11.
8
Let g(i) = -i + 2. Let k be g(0). Suppose -2*w - 3*w + 40 = 5*o, k*w + 5*o - 7 = 0. Calculate the remainder when 32 is divided by w.
10
Let m(s) = 4*s**2 + s - 2. Let k be m(-2). Calculate the remainder when (318/8)/(12/16) is divided by (9/k)/((-2)/(-72)).
26
Let l = -16 + 68. Let a be ((-8)/(-10))/((-4)/(-20)). Suppose 0 = -9*c + a*c + 90. What is the remainder when l is divided by c?
16
Suppose 352 + 23 = 5*d. Let j = -1 + 7. Suppose 5*y + 2*a - a = d, -y = -4*a + j. What is the remainder when y is divided by 8?
6
Let a = -69 + 198. Calculate the remainder when a is divided by 33.
30
Let r be -10 + (1 - (-1 + 0)). Suppose 33 = 3*d - 15. What is the remainder when d is divided by ((-3)/(-3) - r)/1?
7
Suppose -4*h + 7 = 5*c - 76, -3*h + 3*c + 42 = 0. What is the remainder when 66 is divided by h?
15
What is the remainder when ((-2)/2)/((-3 - -4)/(-54)) is divided by 8?
6
Suppose -29*j = -33*j + 16. What is the remainder when 10 is divided by j?
2
Suppose t + 0*t + f = 5, -47 = -3*t + 5*f. What is the remainder when 17 is divided by t?
8
Suppose 3*b + 2*z = -4, 0*b + 3*z + 23 = 4*b. Suppose b*o + 4*w = 6, -2*o = -3*w - w + 18. Let n = o + 15. Calculate the remainder when 34 is divided by n.
10
Let q(g) = -g**3 + 18*g**2 - 17*g + 23. What is the remainder when q(17) is divided by (-2)/(-9) - 129/(-27)?
3
Suppose -m = -6*m - q + 185, 0 = -3*q + 15. Calculate the remainder when m is divided by 15.
6
Let k(r) = -r**2 + 12*r - 15. Let x be k(10). Suppose -x*h + d + 67 = -28, -5*d = -4*h + 55. Calculate the remainder when 57 is divided by h.
17
Let x = -50 + 67. What is the remainder when x is divided by 5?
2
Let o = 18 - 5. Suppose -19 = 3*v - 5*p, p = -5*v + 8 + 7. Let s = 48 + v. What is the remainder when s is divided by o?
11
Suppose -121 = -3*l - 25. What is the remainder when 125 is divided by l?
29
Suppose 3 = -f - 4*o - 1, -2*f + 2*o + 32 = 0. Calculate the remainder when 71 is divided by f.
11
Let x(j) = -j + 6. Let u be x(3). Suppose 3*h - 131 = -4*s, 5*s - u*h - 135 = -h. Calculate the remainder when s is divided by 8.
5
Calculate the remainder when 474/15 - 10/(-25) is divided by 17.
15
Let g be 125 - 5/((-15)/9). Let z = -83 + g. What is the remainder when z is divided by 12?
9
Let z be (33/4)/(8/64). Calculate the remainder when z*(3 + 10/(-4)) is divided by 9.
6
Let m(r) = -r**3 - 3*r**2 - r - 2. Let a be m(-4). Suppose -4*w = -2*n - a, -4*w + n + 2*n + 19 = 0. Calculate the remainder when 9 is divided by w.
1
Suppose 138 = 4*h + 46. Calculate the remainder when h is divided by 13.
10
Let f(z) be the third derivative of 3/20*z**5 - 1/6*z**3 + 0*z**4 + 0 + z**2 + 0*z. Calculate the remainder when 14 is divided by f(1).
6
What is the remainder when 68 is divided by -46*((-2)/(-4))/(-1)?
22
Suppose -2*i + 8 = 0, 2*u - 4*i = i - 14. Calculate the remainder when 3 - (-12)/(-3 - 0)*-1 is divided by u/(1 + 1 + -1).
1
Suppose t - 3*t + 46 = 0. What is the remainder when 45 is divided by t?
22
Suppose 4 = -q + 9. Calculate the remainder when 1*-1 - (2 + -20) is divided by q.
2
Let c(o) = 6*o - 1. Suppose -2*r + 6*z + 37 = z, -139 = -4*r - 3*z. Calculate the remainder when r is divided by c(2).
9
Let x(c) = -2*c - 11. Let l be -3*(2 - 1/(-3)). Let k(s) = -s + 1. Calculate the remainder when k(l) is divided by x(-8).
3
Let d be (-3)/((-1)/(-2) + 1). Let x(v) = 5*v**2 + 4*v + 2. Calculate the remainder when 40 is divided by x(d).
12
Suppose 4*b - 6 = 2*b. Suppose -i - 2*f + 0*f - 5 = 0, b*i + f - 5 = 0. Let c = 9 - 4. What is the remainder when c is divided by i?
2
Suppose -s - 252 + 61 = -5*y, 39 = y - s. What is the remainder when 151 is divided by y?
37
Let s(n) = n**3 - n + 16. Suppose p - 4*p + 21 = 4*q, q + p = 5. Let a(g) = -g**3 + 8*g**2 - 5*g + 4. Calculate the remainder when a(q) is divided by s(0).
14
Let x = 85 - -38. Suppose 5*z - 3*m = x, 120 = 5*z + 2*m - 23. Suppose 0 = 4*s - 16 - 44. Calculate the remainder when z is divided by s.
12
Calculate the remainder when 120/(-9)*-3 - -2 is divided by 539/22 - 10/4.
20
Let c(j) = j**2 - 6*j - 7. Let b be c(6). Let u = b - -43. Suppose 2*y = -2*y - 3*g + 157, u = y + 4*g. Calculate the remainder when y is divided by 14.
12
Suppose 0 = -48*j + 49*j - 5. What is the remainder when j is divided by 1?
0
Suppose -a = 3*s - 13, 0 = -2*a - s + 36 + 5. What is the remainder when 109 is divided by a?
21
Let x = -273 + 425. Calculate the remainder when x is divided by 51.
50
Let w be 4 - (-5)/((-15)/6). Suppose -w*h - 32 = 2*h. What is the remainder when -2*(-3)/h*-56 is divided by 22?
20
Suppose 0 = -12*u + 11*u + 14. Calculate the remainder when 26 is divided by u.
12
Suppose 2*z = 5*z - 72. Suppose 55 = -5*i - 5*f, -2*f - 34 = 3*i - 1. Let a = i + z. Calculate the remainder when a is divided by 7.
6
Let z(w) = -29*w**3 + 4*w**2 + 3*w - 1. Calculate the remainder when 82 is divided by z(-1).
24
Suppose -4*i = -3*n - 247, 2*n = 3*i + n - 184. Calculate the remainder when i is divided by 16.
13
Suppose -2*g + 3 = g, 0 = -2*v - 4*g + 108. Calculate the remainder when v is divided by 8/(-36) + (296/36 - -1).
7
Let t(w) = 2*w**3 + w**2 + w - 1. Let m be t(1). Suppose -10 - 8 = -m*h. What is the remainder when 16 is divided by h?
4
Suppose -6*u + 8 = -4*u. What is the remainder when 10 is divided by u?
2
Calculate the remainder when ((-1)/((-466)/(-116) - 4))/(-2) is divided by 1 - (56/2)/(-2).
14
Let d be (49 + -2)/((-1)/(-3)). Suppose 3*z = 4*z. Suppose -4*w - 29 + d = z. Calculate the remainder when w is divided by 10.
8
What is the remainder when (-1)/2 + (-1155)/(-10) is divided by 29?
28
Let z(q) = -q + 7. Let h(w) = -w**3 + 6*w**2 + 2*w - 8. What is the remainder when z(-8) is divided by h(6)?
3
Suppose 4*g - 110 = 3*j + 51, -3*j - 163 = -2*g. Let w = -41 - -19. Calculate the remainder when (-10)/j + (-282)/w is divided by 5.
3
Suppose 0 = p - 8*p + 658. What is the remainder when p is divided by 24?
22
Let o = -2 - -1. What is the remainder when ((-19 + 2)*o)/1 is divided by 5?
2
Let h(p) = p**2 - 5*p. Let o be h(5). Suppose 0*l + 3*l - 36 = o. Calculate the remainder when 46 is divided by l.
10
Let h = -15 + 54. Suppose 0*i - 2*i + 40 = 0. Calculate the remainder when h is divided by i.
19
Suppose 0 = -2*d - 1 + 5. Suppose -o + 45 = d*o. Let y = -15 - -43. Calculate the remainder when y is divided by o.
13
Let s be -4*((-21)/(-12) - 1). Let r = 1 - s. Suppose 3*a + 19 = r*a. Calculate the remainder when a is divided by 10.
9
Let t = 32 + -14. What is the remainder when 68 is divided by t?
14
Let b(d) = -3*d + 10. Let c be b(8). Calculate the remainder when (-4)/14 - 382/c is divided by 14.
13
Let p(o) = 7*o**3 + 5*o**2 - 15*o + 23. Let c(l) = 3*l**3 + 3*l**2 - 7*l + 11. Let d(h) = -5*c(h) + 2*p(h). Calculate the remainder when d(-7) is divided by 14.
12
Let i(m) = m**2 + 6*m - 11. Let z(s) = s**3 + 3*s**2 - 3*s - 4. Let j be z(-4). Calculate the remainder when i(j) is divided by 3.
2
Suppose 0*w = -5*w + 20. Suppose -3*t = -q - 113, t - 3*q - 191 = -w*t. Let u = 2 - -11. What is the remainder when t is divided by u?
11
Let q be (-4)/((2 - 3)*2). Suppose 3 = q*s - 15. What is the remainder when s is divided by 5?
4
Let t = 14 + 17. Calculate the remainder when 61 is divided by t.
30
Suppose -4*m - 3*k + 43 = 2, -5*m + 85 = -3*k. Suppose -3*d = m - 50. Suppose -78 = -2*s - s + 4*i, 5*i = -15. What is the remainder when s is divided by d?
10
Suppose 5*z - 101 = -41. Suppose -3*v - z = -5*d, 4*d = 7*v - 4*v + 9. What is the remainder when d is divided by 25/(-10)*(-4)/5?
1
Let u(f) = 4*f + 21. Calculate the remainder when 81 is divided by u(0).
18
Suppose -15 = -3*n, -2*g - n + 8 = 3. Calculate the remainder when 24 is divided by 9 + (3 - 3) + g.
6
Suppose 4*u = 3*u. Suppose -3*g + u*g = -84. Calculate the remainder when g is divided by 10.
8
Let g = 57 - 34. What is the remainder when 65 is divided by g?
19
Suppose -10*r + 476 = -564. What is the remainder when r is divided by 31?
11
Suppose -5*p = -0*p. Suppose p = -0*c + 2*c - 30. Suppose 4*i - 37 - c = 0. What is the remainder when 37 is divided by i?
11
Let c = -28 - -41. Suppose -5*a = -a - 152. Calculate the remainder when a is divided by c.
12